{"id":1564,"date":"2024-03-20T23:58:00","date_gmt":"2024-03-20T22:58:00","guid":{"rendered":"https:\/\/wondersinfrequenzcys.de\/portal\/?page_id=1564"},"modified":"2026-03-21T00:01:57","modified_gmt":"2026-03-20T23:01:57","slug":"impressum","status":"publish","type":"page","link":"http:\/\/wondersinfrequenzcys.de\/portal\/impressum\/","title":{"rendered":"Impressum"},"content":{"rendered":"\n<p>Impressum<\/p>\n\n\n\n<p>Angaben gem\u00e4\u00df \u00a7 5 DDG (Digitale-Dienste-Gesetz)<\/p>\n\n\n\n<p>Anbieter:<br>G. Kahle<br>Europaring 27<br>26389 Wilhelmshaven<br>Deutschland<\/p>\n\n\n\n<p>Kontakt:<br>E-Mail: wondersinfrequenzcys@freenet.de<\/p>\n\n\n\n<hr class=\"wp-block-separator has-alpha-channel-opacity\"\/>\n\n\n\n<p>Verantwortlich f\u00fcr den Inhalt nach \u00a7 18 Abs. 2 MStV:<br>G. Kahle<br>Europaring 27<br>26389 Wilhelmshaven<\/p>\n\n\n\n<hr class=\"wp-block-separator has-alpha-channel-opacity\"\/>\n\n\n\n<p>Hinweis zur k\u00fcnstlerischen T\u00e4tigkeit:<br>Dieser Blog ist ein kreatives Projekt im Bereich Musik, Kunst und digitale Medien (\u201eWonders in Frequenzcys\u201c). Inhalte werden teilweise in Zusammenarbeit mit KI-Tools erstellt.<\/p>\n\n\n\n<hr class=\"wp-block-separator has-alpha-channel-opacity\"\/>\n\n\n\n<p>Urheberrecht:<br>Die durch den Seitenbetreiber erstellten Inhalte und Werke auf diesen Seiten unterliegen dem deutschen Urheberrecht. Beitr\u00e4ge Dritter sind als solche gekennzeichnet.<\/p>\n\n\n\n<hr class=\"wp-block-separator has-alpha-channel-opacity\"\/>\n\n\n\n<p>Haftung f\u00fcr Inhalte:<br>Die Inhalte unserer Seiten wurden mit gr\u00f6\u00dfter Sorgfalt erstellt. F\u00fcr die Richtigkeit, Vollst\u00e4ndigkeit und Aktualit\u00e4t der Inhalte k\u00f6nnen wir jedoch keine Gew\u00e4hr \u00fcbernehmen.<\/p>\n\n\n\n<hr class=\"wp-block-separator has-alpha-channel-opacity\"\/>\n\n\n\n<p>Haftung f\u00fcr Links:<br>Unser Angebot enth\u00e4lt Links zu externen Websites Dritter, auf deren Inhalte wir keinen Einfluss haben. F\u00fcr die Inhalte der verlinkten Seiten ist stets der jeweilige Anbieter verantwortlich.<\/p>\n\n\n\n<hr class=\"wp-block-separator has-alpha-channel-opacity\"\/>\n\n\n\n<p>Online-Streitbeilegung:<br>Die Europ\u00e4ische Kommission stellt eine Plattform zur Online-Streitbeilegung (OS) bereit:<br>https:\/\/ec.europa.eu\/consumers\/odr\/<\/p>\n","protected":false},"excerpt":{"rendered":"<p>Impressum Angaben gem\u00e4\u00df \u00a7 5 DDG (Digitale-Dienste-Gesetz) Anbieter:G. KahleEuroparing 2726389 WilhelmshavenDeutschland Kontakt:E-Mail: wondersinfrequenzcys@freenet.de Verantwortlich f\u00fcr den Inhalt nach \u00a7 18 Abs. 2<\/p>\n<p class=\"link-more\"><a class=\"myButt \" href=\"http:\/\/wondersinfrequenzcys.de\/portal\/impressum\/\">Read More<\/a><\/p>\n","protected":false},"author":1,"featured_media":0,"parent":0,"menu_order":0,"comment_status":"closed","ping_status":"closed","template":"","meta":{"footnotes":""},"class_list":["post-1564","page","type-page","status-publish","hentry"],"_links":{"self":[{"href":"http:\/\/wondersinfrequenzcys.de\/portal\/wp-json\/wp\/v2\/pages\/1564","targetHints":{"allow":["GET"]}}],"collection":[{"href":"http:\/\/wondersinfrequenzcys.de\/portal\/wp-json\/wp\/v2\/pages"}],"about":[{"href":"http:\/\/wondersinfrequenzcys.de\/portal\/wp-json\/wp\/v2\/types\/page"}],"author":[{"embeddable":true,"href":"http:\/\/wondersinfrequenzcys.de\/portal\/wp-json\/wp\/v2\/users\/1"}],"replies":[{"embeddable":true,"href":"http:\/\/wondersinfrequenzcys.de\/portal\/wp-json\/wp\/v2\/comments?post=1564"}],"version-history":[{"count":2,"href":"http:\/\/wondersinfrequenzcys.de\/portal\/wp-json\/wp\/v2\/pages\/1564\/revisions"}],"predecessor-version":[{"id":1570,"href":"http:\/\/wondersinfrequenzcys.de\/portal\/wp-json\/wp\/v2\/pages\/1564\/revisions\/1570"}],"wp:attachment":[{"href":"http:\/\/wondersinfrequenzcys.de\/portal\/wp-json\/wp\/v2\/media?parent=1564"}],"curies":[{"name":"wp","href":"https:\/\/api.w.org\/{rel}","templated":true}]}}